2*t. Determine l(b).
-4
Let c(g) = 7*g**3 - 11*g**2 + 11*g - 9. Let z(j) = 4*j**3 - 6*j**2 + 6*j - 5. Let x(b) = -3*c(b) + 5*z(b). Let u = 131 + -128. Calculate x(u).
-7
Let f(b) = -b - 1. Let s(w) = w - 3. Let j(x) = x**2 - x - 1. Let m be j(-1). Let l(q) = m*s(q) + 2*f(q). Suppose 0 = r + 2*r. Determine l(r).
-5
Let q(z) = -z**3 + 4*z**2 + 6*z + 5. Suppose 3*k = -0*k. Suppose k = t - 4 - 1. Give q(t).
10
Let b(i) be the third derivative of i**6/60 + i**5/15 + i**3/2 + i**2. Give b(-3).
-15
Let z(j) be the third derivative of -j**4/12 + j**3 + 20*j**2. Calculate z(4).
-2
Let o(n) = -4*n - 2*n - n**2 + 2 + 3*n + 0. Let g(u) = 2*u - 11. Let i be g(9). Suppose -2*x - 10 = v, -i - 19 = 5*x + 3*v. What is o(x)?
-2
Let l = -2 + 2. Suppose -t - 3*t + 8 = l. Let x(a) = -2*a**2 + 8*a - 5. Let w(h) = 3*h**2 - 14*h + 9. Let j(g) = -3*w(g) - 5*x(g). Give j(t).
6
Let d(c) = -5*c - 1. Suppose 2*m + 3*j = -j - 2, 31 = -5*m + 3*j. Let f be 24/(-40) + 2/m. Calculate d(f).
4
Let o(m) = -4*m**2 - 2*m - 1. Let l be 1 + (-2)/(-6) + 10/(-3). Determine o(l).
-13
Let z(m) = 2*m**3 - 26*m**2 - 7*m + 2. Let k(i) = -i**3 + 14*i**2 + 4*i - 1. Let t(h) = -5*k(h) - 3*z(h). What is t(8)?
7
Suppose 2*a = -s + 12, -1 = -2*s + 3. Let f(u) = -a - 1 + 6 - u. Give f(5).
-5
Let c(b) = -b**3 + 3*b**2 - b. Suppose -2*o - 24 = -3*l - 5, -2*l + 3*o + 16 = 0. Suppose 0 = -k + l*k - 8. Determine c(k).
2
Let v = 4 + -8. Let g be (v/(-3))/((-10)/45). Let s = g + 11. Let h(r) = r**2 - 5*r + 2. What is h(s)?
2
Suppose 0 = 3*m - 6*m - 15. Let j(q) = -534 + 2*q + 524 - 3*q. Calculate j(m).
-5
Let y(m) = 7*m - m**2 - 9*m**3 - 5*m - 4*m - 1. Give y(-1).
9
Let t(f) = f**3 - 6*f**2 + 7*f - 2. Let p = 3 - 0. Let h be (2/p)/((-6)/(-9)). Let n = h - -4. Calculate t(n).
8
Let h(i) = i**2 - i - 1. Let q(u) = -5*u**2 + 6*u. Let y(n) = -4*h(n) - q(n). Calculate y(3).
7
Let t = -11 + 8. Let b(j) be the third derivative of j**6/120 + j**5/60 - j**4/6 - j**3/6 - 21*j**2. What is b(t)?
-7
Let z(l) be the third derivative of -l**6/120 - l**4/24 - l**3/6 + 6*l**2. Let v(i) = -i - 7. Let h be v(-6). Give z(h).
1
Let i = 21 + -15. Let c be (4/i)/(2/30). Suppose -c = -5*y - 0*y. Let s(f) = 2*f**3 - f**2 - f - 1. What is s(y)?
9
Suppose -b - 5 = -1. Let x(q) = 4*q + 4. Determine x(b).
-12
Let w(o) = -5*o - 3. Let p(f) = -11*f - 6. Let n(c) = -2*p(c) + 5*w(c). Determine n(-3).
6
Let d(n) = -n - 2. Let o be -2*(-2)/4 + -3*1. Give d(o).
0
Let h(x) = x**2 + x + 1. Let a(u) = -u**3 - 9*u**2 - 5*u - 11. Let b be 2/5 + 18/30. Let p(n) = b*a(n) + 6*h(n). Suppose 4 = -6*s + 5*s. What is p(s)?
7
Let q(i) = 1 + 3 - 5 + i. Let x be (-6)/1 + -2 + 4. What is q(x)?
-5
Suppose -3*a = 32 - 113. Suppose -2*w + 3*h = 10 - 26, -5*w + a = -h. Let c(f) = 2*f - 7. Give c(w).
3
Let w(p) = -2*p**2 - 2*p + 3. Let n(a) = 2*a + 9. Let l be n(-6). Determine w(l).
-9
Let p(h) = h**2 + h. Let l be p(1). Suppose -o = -0 - 3. Let f(t) = -l - t + 2 - o. What is f(-4)?
1
Let z(h) be the second derivative of -1/6*h**3 - 5/2*h**2 + 1/20*h**5 - 3*h + 1/12*h**4 + 0. Give z(0).
-5
Let l(g) be the second derivative of g**5/20 - g**4/4 - g**3/2 + g**2 + 5*g. Give l(4).
6
Let u(k) be the first derivative of k**6/360 - k**5/40 - k**3/3 - 3. Let o(i) be the third derivative of u(i). Let a be (8/(-10))/(2/(-10)). Give o(a).
4
Let z(s) be the first derivative of 27*s**2/2 - s + 20. Calculate z(1).
26
Let n(y) = y - 1. Suppose -1 = 6*q - 1. What is n(q)?
-1
Let v be (6/(-6))/((-2)/32). Suppose -5*t = -4*s - 20, -2*t + 6*t + 5*s = v. Let z(k) = 7 + k - t + 0*k. What is z(-4)?
-1
Let o = -7 + 12. Let d(i) = 8*i - 10*i**2 + 0 + 4*i**2 - o + 5*i**2. Determine d(6).
7
Let v(o) = 2 - 4*o - 1 + 5 - 4. Let f(x) = x**3 + 4*x**2 + 3*x + 2. Let i be f(-4). Let r be (-40)/(-18) + i/45. What is v(r)?
-6
Let f = 57 - 53. Let y(s) = 5*s**2 + 10*s - 5. Let u(v) = -14*v**2 - 29*v + 14. Let i(k) = -6*u(k) - 17*y(k). What is i(f)?
1
Let n be (18/10 - 1)/(4/10). Let t(k) = -k**3 - 3*k**2 + 2*k + 2. Determine t(n).
-14
Suppose 5*w + 6 = 31. Let h(o) = -w*o**2 - 2*o**2 + 2*o**2. Determine h(1).
-5
Let g(y) = y**2 - 20*y + 32. Let m be g(18). Let n(x) = -3*x - 6. Let c(v) = 3*v + 7. Let t(p) = -4*c(p) - 5*n(p). What is t(m)?
-10
Let h(j) be the third derivative of 0*j + j**2 + 0 - 1/12*j**4 + 1/3*j**3. What is h(3)?
-4
Let v(q) = 0 - 10*q**3 + 5*q**3 - q - 4*q**3 + 1. Suppose 4 = 2*x - 0. Suppose f + f = x. Determine v(f).
-9
Let u(t) = t**2 + 2*t - 1. Let a(g) = g**3 - 3*g**2 + 3. Let d be a(3). Suppose -x - 1 = -d*m - 6, 5*m + 4*x - 20 = 0. Let q = 2 - m. Give u(q).
7
Let z(r) be the third derivative of -2/3*r**3 - 1/15*r**5 - 1/6*r**4 + 0 + 2*r**2 + 0*r + 1/120*r**6. Calculate z(5).
1
Let h = -5 - -1. Let t(v) = 4*v**2 + v + 2. Let n(b) = -7*b**2 - 3*b - 4. Let d(c) = -3*n(c) - 5*t(c). Give d(h).
2
Suppose 2*p - y = 9 - 3, -3*y - 6 = -2*p. Let h(n) = -2*n**2 - n + 2. Give h(p).
-19
Let f(g) = 4 + g - 2*g**2 + g**2 + 2*g - 2*g. Calculate f(-3).
-8
Suppose 6*i + 2 = 5*i. Let s(b) = -2*b - 1. Give s(i).
3
Suppose 2 = -4*u + 2*u. Let n(t) = -t**3. Suppose -5 + 25 = -4*h. Let v(k) = -8*k**3 - 2*k - 1. Let z(j) = h*n(j) + v(j). Calculate z(u).
4
Suppose -5 = -4*v + 3. Let c(x) = x + 0 + 1 + 1 + 2*x. Calculate c(v).
8
Let d(w) = 4*w - 4*w - 1 - 2*w**2 - 3*w. Suppose 3*y + 10 = -2*y. Determine d(y).
-3
Let u(g) be the first derivative of g**4/4 - 3*g**2/2 + 2*g + 2. Let r be 2*(-1 + 2 - 0). Determine u(r).
4
Let b(s) = -9*s - 2. Let z(m) = -5*m - 1. Let g(l) = -4*b(l) + 7*z(l). What is g(4)?
5
Let p(h) be the first derivative of 9*h**2/2 - h + 2. Let i = -1 + -6. Let v = -6 - i. Calculate p(v).
8
Let l(z) = z**3 + 3*z**2 + 4*z + 3. Let v be -3 + 0/(6 + -4). Calculate l(v).
-9
Suppose 0 = 2*v - 17 + 11. Let g(h) = h + 2. What is g(v)?
5
Let d be (-2)/4*(-3 - -1). Let m be (d*-2)/(-2) - -3. Let f(w) = -w**2 + 6*w - 2*w**2 + 2 + 4*w**2 + m. Determine f(-5).
1
Let s be (-38)/(-9) - 2/9. Suppose 0*c = -4*c - s. Let n(t) = -t**3 + 2*t + 1. Give n(c).
0
Let i(k) = k**3 - 2*k**2 + 3*k - 2. Let m be i(2). Let f(n) = -1 + 3*n - 3*n**3 + n**2 + n**3 - m*n. Calculate f(-1).
3
Let k(s) = -7*s**3 + 4*s**2 + 12*s + 7. Let r(c) = 8*c**3 - 4*c**2 - 13*c - 7. Let q(w) = -7*k(w) - 6*r(w). Let u be (-3)/2 - (-26)/4. Calculate q(u).
-12
Let c(d) be the first derivative of 0*d**2 - d + 2/3*d**3 + 7 + 1/2*d**4. What is c(1)?
3
Let b(c) = 3 - c + 5 - 2 - c. What is b(6)?
-6
Suppose 0 = -y + 3 - 0. Let p(s) be the first derivative of -2 + s + 1/3*s**y + 2*s**2. Give p(-5).
6
Let q(k) = 2*k**3 + 0*k**3 + 0*k**3 + 1. Let u be (2/8)/((-1)/4). What is q(u)?
-1
Suppose -n = 2*n. Let c(x) = 5*x - 2. Let k(g) = 4*g - 2. Let t(y) = 3*c(y) - 4*k(y). Give t(n).
2
Suppose 5*t = 4*u - 3*u + 24, 3*t + 5*u + 8 = 0. Let n(z) = -z**3 + 4*z**2 - 4. Calculate n(t).
-4
Let w(x) = -6*x**2 - 10*x - 2. Let s(f) = -f**2 - f. Let t(q) = -5*s(q) + w(q). Let y be t(-4). Let n(b) = -2 + 4*b - b**y + 2 - 4. Determine n(3).
-1
Let a(b) be the third derivative of b**6/720 + b**4/24 + 9*b**2. Let o(n) be the second derivative of a(n). Determine o(3).
3
Let o be ((-12)/(-9) - 3)*3. Let t(a) = a**2 + 3*a + 4. Determine t(o).
14
Let r(p) = 0*p**2 - 3 - 14*p**2 + p**3 + p + 10*p**2. Give r(4).
1
Let z(n) = n - 14. Let m(x) = x - 7. Let k(h) = -7*m(h) + 3*z(h). Let b(j) = -8*j + 13. Let r(l) = 6*b(l) - 11*k(l). Give r(-1).
5
Let b(f) be the second derivative of 1/2*f**4 - f**3 + 0 - 2*f - 1/20*f**5 + 7/2*f**2. Determine b(5).
2
Let i(c) = 2*c**3 + 2*c - 1. Let n be i(1). Let g(y) = -2 - 3*y + n*y - 2*y + 0*y. Give g(-4).
6
Let n(b) be the first derivative of b**3/3 + b**2/2 - 4*b - 1. Let o(z) = -z**3 + 3*z**2 + 2*z - 8. Let p be o(2). Calculate n(p).
-4
Let w(y) = -y**2 + 17*y - 20. Let c be w(16). Let u(n) = -n**2 - 4*n - 2. Give u(c).
-2
Let l(m) = -5*m**2 + m**3 + m**2 - 4 + 5 - 4*m. Suppose -40 = -4*f + 3*x - 8*x, -4*f + 8 = -3*x. Let a(s) = 2*s - 5. Let h be a(f). Give l(h).
6
Let d(m) = 13*m**2 + 14*m - 23. Let w(y) = 7*y**2 + 7*y - 12. Let b(s) = -6*d(s) + 11*w(s). What is b(-6)?
12
Let z(a) be the second derivative of a**8/6720 - a**7/630 + a**6/360 - a**5/24 + 5*a**4/12 - 2*a. Let m(p) be the third derivative of z(p). What is m(4)?
3
Let t(u) = u**3 - 85 - 76 + 5*u + 166 - 7*u**2. Determine t(6).
-1
Suppose g = 3*d + 3, 24 = 4*g + 